{"id":48,"date":"2020-08-10T13:49:21","date_gmt":"2020-08-10T13:49:21","guid":{"rendered":"https:\/\/spielgruppe-lengnau.ch\/?page_id=48"},"modified":"2024-08-27T09:30:21","modified_gmt":"2024-08-27T09:30:21","slug":"allgemeines","status":"publish","type":"page","link":"https:\/\/spielgruppe-lengnau.ch\/index.php\/allgemeines\/","title":{"rendered":"Allgemeines"},"content":{"rendered":"\n<p>\u25cf Wir sagen Du, die Kinder nennen uns bei den Vornamen<br><br>\u25cf Krankheit: Bei Fieber und ansteckenden Krankheiten werden die Eltern gebeten, ihr Kind nicht in die Spielgruppe zu bringen.<br><\/p>\n\n\n\n<p>\u25cf Die Spielgruppenferien und Br\u00fccken-Tage (Auffahrt) richten sich nach den Schulferien.<br><\/p>\n\n\n\n<p>\u25cf Geburtstag: Wer m\u00f6chte, darf dem Kind einen Zn\u00fcni f\u00fcr alle Kinder mitgeben (bitte voranmelden, falls zwei Kinder in der gleichen Woche Geburtstag haben). Eine Kleinigkeit gen\u00fcgt, da jedes Kind noch einen eigenen Zn\u00fcni dabei hat, essen sie kein ganzes St\u00fcck Kuchen.<br><br>\u25cf An schulfreien Tagen aufgrund von Lehrerfortbildung\/-Konferenzen findet die Spielgruppe statt.<br><br>\u25cf Die Haftpflicht- und Unfallversicherung ist Sache der Eltern.<br><br>\u25cf Sollten sich Fragen ergeben, k\u00f6nnen wir das gerne telefonisch oder an einem Termin besprechen. Unmittelbar vor oder nach der Spielgruppe ist oft ung\u00fcnstig.<br><\/p>\n","protected":false},"excerpt":{"rendered":"<p>\u25cf Wir sagen Du, die Kinder nennen uns bei den Vornamen \u25cf Krankheit: Bei Fieber und ansteckenden Krankheiten werden die Eltern gebeten, ihr Kind nicht in die Spielgruppe zu bringen. \u25cf Die Spielgruppenferien und Br\u00fccken-Tage (Auffahrt) richten sich nach den Schulferien. \u25cf Geburtstag: Wer m\u00f6chte, darf dem Kind einen Zn\u00fcni f\u00fcr alle Kinder mitgeben (bitte [&hellip;]<\/p>\n","protected":false},"author":2,"featured_media":0,"parent":0,"menu_order":0,"comment_status":"closed","ping_status":"closed","template":"","meta":{"footnotes":""},"class_list":["post-48","page","type-page","status-publish","hentry"],"_links":{"self":[{"href":"https:\/\/spielgruppe-lengnau.ch\/index.php\/wp-json\/wp\/v2\/pages\/48","targetHints":{"allow":["GET"]}}],"collection":[{"href":"https:\/\/spielgruppe-lengnau.ch\/index.php\/wp-json\/wp\/v2\/pages"}],"about":[{"href":"https:\/\/spielgruppe-lengnau.ch\/index.php\/wp-json\/wp\/v2\/types\/page"}],"author":[{"embeddable":true,"href":"https:\/\/spielgruppe-lengnau.ch\/index.php\/wp-json\/wp\/v2\/users\/2"}],"replies":[{"embeddable":true,"href":"https:\/\/spielgruppe-lengnau.ch\/index.php\/wp-json\/wp\/v2\/comments?post=48"}],"version-history":[{"count":5,"href":"https:\/\/spielgruppe-lengnau.ch\/index.php\/wp-json\/wp\/v2\/pages\/48\/revisions"}],"predecessor-version":[{"id":273,"href":"https:\/\/spielgruppe-lengnau.ch\/index.php\/wp-json\/wp\/v2\/pages\/48\/revisions\/273"}],"wp:attachment":[{"href":"https:\/\/spielgruppe-lengnau.ch\/index.php\/wp-json\/wp\/v2\/media?parent=48"}],"curies":[{"name":"wp","href":"https:\/\/api.w.org\/{rel}","templated":true}]}}